 - (-4 - -7 - (-3 + 11)).
4
Calculate 5 + -1 + (0 - 3 - 1).
0
What is 1 + 3 + -23 + 22?
3
51 + -54 + 2 + -1 + -1
-3
Calculate -8 + -1 - (10 + -26).
7
What is the value of 8 + 0 + (-5 - -1)?
4
Calculate -1 + (-7 - (1 - 5)) + 0.
-4
Calculate -3 + -4 + 1 + 8.
2
-1 + 1 - ((2 - 9) + 9)
-2
What is the value of -5 + (-4 - (2 + -10))?
-1
What is the value of -2 - 2 - (13 + -12)?
-5
Calculate -3 + -2 + -1 + 1 + 0.
-5
Calculate 1 - (7 + 2 - (-2 - -5)).
-5
11 - ((10 - 10) + 11)
0
What is the value of -9 - (-8 + (-7 - -11))?
-5
What is 3 + 1 + 3 + (-15 - -16)?
8
-2 - -1 - (-7 - (-6 + 1))
1
What is (-3 - -4 - 12) + 6?
-5
-17 + 27 - (7 + -1)
4
What is -7 + 0 + -3 + 4?
-6
Evaluate (9 - (-7 - -9)) + 3.
10
What is the value of -1 - 2 - -3 - -1?
1
0 - 5 - (-9 + 2 + 3)
-1
Calculate -2 - (-3 + 5 + -4) - -3.
3
Evaluate 3 + (-1 - (6 - 7)).
3
What is -2 + 3 + 2 + -6?
-3
Calculate -3 + 1 - (1 - 4).
1
What is 4 + 0 + -2 + -5 + 6?
3
(12 - 2 - 5) + -2 - 6
-3
What is -8 - (-13 + 5) - 2?
-2
Calculate 3 + (5 - 21) - -5 - -6.
-2
Evaluate -5 + (-8 - -5 - (-7 - 1)).
0
(1 - ((4 - 7) + 2)) + 1
3
Evaluate 45 - 56 - (-8 + 2).
-5
8 + 3 + -7 + 1
5
What is 7 + (-2 - (2 - (4 + -3)))?
4
7 + -14 + 2 - 0
-5
Calculate 2 + (-3 - (-3 + -3)).
5
What is (0 - -8) + 7 + (-17 - -5)?
3
What is 14 + (-24 - -14) - (7 + -1)?
-2
Evaluate -13 + (7 + 27 - 13).
8
What is the value of 3 - (-1 - (1 - (12 + -3)))?
-4
What is -9 - (6 - 15 - -2)?
-2
What is the value of 0 + -7 - (2 - 10)?
1
Evaluate 0 + 1 + -5 + -2 + 8.
2
What is the value of -1 + 10 - (-55 - -60)?
4
Evaluate 10 - (1 + -5 + -1 + 10).
5
What is the value of 1 + -4 + 3 - 9 - -6?
-3
(-2 - -2) + 1 + 1
2
What is the value of (0 - -23) + (-95 - -83)?
11
Evaluate 8 + -3 + (-1 - 0).
4
Calculate -1 + 2 - (-4 + 8) - 2.
-5
What is 8 - 1 - (3 - 1) - 2?
3
What is -62 + 60 - (-6 + (0 - 2))?
6
What is -7 + 7 + -6 + 3?
-3
Evaluate (9 - 9) + 0 - 2.
-2
Evaluate 1 + (-5 - 2) + 2.
-4
-4 + (16 - 8 - (0 + 1))
3
5 + (-4 - 3 - 3)
-5
Evaluate (-2 - -4) + -2 + -4.
-4
Evaluate -3 + (0 - (1 + -1 + -4)).
1
What is the value of 1 + -4 - (9 + -18 - -13)?
-7
Evaluate (-2 - 5) + (86 - 83).
-4
-8 + (-15 - -7 - -20)
4
Calculate 7 - ((-6 - -1) + (-11 - -21)).
2
23 + -12 + 2 - 7
6
Calculate -2 - (9 - (10 + -4)).
-5
Calculate 7 + -10 + (0 - 1).
-4
Calculate 0 - (4 + -1) - (-22 - -21).
-2
Evaluate -14 + 15 + (-1 - -3 - -3).
6
Calculate (1 + -2 - -2) + 4.
5
Calculate (-2 - (-2 - 3)) + -8 + 8.
3
3 - (-2 + 1 - -3)
1
Calculate 2 + (-9 - -12) + 3.
8
What is the value of 4 - (17 + -4) - -6?
-3
What is the value of (-1 + 0 - -6) + -2?
3
Evaluate -5 - (0 - 3) - (1 - 1).
-2
1 + -10 + -4 - -6
-7
Evaluate 7 - (-4 + 3 - -4).
4
What is -1 + 3 + 0 + (0 - 0)?
2
Calculate -3 + 9 - (15 - 5).
-4
6 - (5 + (5 - 1))
-3
Calculate (-9 - (-10 - -7)) + -2 + 6.
-2
(6 - 14) + 13 + 2
7
What is 0 - 1 - (6 + -12)?
5
Evaluate 8 + (-18 - -7) - -10.
7
Evaluate (3 - 4) + 4 - (2 - -1).
0
Evaluate 14 - (-8 + 19 + -2).
5
What is -14 + 7 + (14 - 1)?
6
Evaluate 15 + -4 + 10 + -6 + -6.
9
What is -4 - (-12 + 4 + 4)?
0
Calculate -10 - (10 + -13 - 2).
-5
What is (11 - 2) + -3 + 2?
8
Calculate -2 - (7 - 5 - 11).
7
What is the value of (-3 - (5 + -4)) + 0?
-4
Evaluate (-2 - 2) + 14 + -10.
0
What is (-7 - -2) + (0 - -4)?
-1
What is (0 - 4) + (1 - -6)?
3
What is 3 + -6 + (-7 - -7)?
-3
-7 - (-12 - (4 - 3))
6
0 + (-2 - -1 - 6)
-7
(-22 - -34) + -5 + -5
2
Calculate -2 - 8 - (-5 + -2).
-3
-4 - (5 - (1 + 6) - 0)
-2
-9 - (1 + (-4 - (5 + -2)))
-3
Calculate 59 + -47 + -1 + -6.
5
What is the value of 10 - -1 - (17 - 0 - 14)?
8
Calculate 2 - ((-4 - 1) + 4).
3
Evaluate -13 + 0 + (13 - (9 - 3)).
-6
-2 + 5 + (2 + -1 - 5)
-1
What is the value of 3 - (1 - (3 + 0) - -4)?
1
What is (7 - (-12 - -10)) + -7?
2
Calculate 2 + (-2 - (0 + 3)).
-3
What is 7 - (-3 - (5 - 12))?
3
What is -1 + 1 + 0 + 4?
4
-1 + -10 + 161 + -147
3
What is 11 + -6 + 11 - 11?
5
Calculate -9 - (-6 + -2 - -5).
-6
Calculate 24 + -21 - ((2 - 0) + -2).
3
Evaluate -6 + (0 - (-4 - 1)).
-1
Evaluate (3 - (-1 - -3)) + (-4 - 0).
-3
Calculate (2 - 4) + (8 - 5).
1
Calculate (-3 + (3 - 3) - -9) + -4.
2
Calculate (4 - -1) + (-13 - (-13 + 6)).
-1
Calculate -4 + (-4 - (1 + -8)).
-1
(-3 - ((-4 - -7) + 0)) + 1
-5
What is 2 + (-4 - ((2 - 6) + 6))?
-4
What is 3 + -8 + 1 + (0 - 0)?
-4
What is the value of -7 + 1 - (3 - 7)?
-2
-6 - -1 - (2 - 3)
-4
Evaluate 15 + -19 + -1 + 1 - -2.
-2
Evaluate -1 + 11 + -7 - 9.
-6
Calculate 5 + -1 - ((0 - 2) + 7).
-1
Calculate -1 - ((6 - 9) + -1 + -1).
4
(-7 - (-13 + 5 - -4)) + 4
1
Evaluate 0 - (1 - -1 - (-4 - -10)).
4
What is the value of -1 - 2 - (6 + 2 - 7)?
-4
Evaluate (11 - (1 + -2)) + -9.
3
Evaluate -3 + (5 + -4 - 0).
-2
What is the value of 14 - 14 - -7 - (1 - -3)?
3
3 + (2 - (1 + -2)) + -2
4
Evaluate (6 - 3) + (-5 - -6) + -2.
2
Evaluate -5 - ((2 - -2) + (-5 - 9)).
5
What is the value of -6 + 5 - 0 - (-2 - 1)?
2
15 + -14 + (2 - 4)
-1
(-3 - (-12 + 4)) + (-5 - -2)
2
-1 + 1 + (-5 - -1)
-4
What is 3 + 5 + (-4 - 0) + -6?
-2
Evaluate -1 - -7 - (4 - -4 - -2).
-4
Calculate 6 + -1 - (13 + -6).
-2
Evaluate 1 - 9 - (-7 + 3).
-4
Calculate -1 + 1 - (-6 - -10).
-4
3 + -2 + 3 + 1 + 0
5
(-5 - -6) + -9 + 3
-5
Evaluate (1 + 3 - 1) + -6 + -1.
-4
Evaluate -1 + 1 + (2 + 3 - 1).
4
Calculate -2 - (2 - 1) - (6 - 8).
-1
Calculate 0 - 3 - ((-1 - 3) + -1).
2
What is the value of 1 + (-8 - -2 - (-9 - -7))?
-3
What is the value of (4 - 1 - -1) + 19 + -24?
-1
What is the value of -1 + (2 - (5 + -4))?
0
Evaluate 9 + -7 - (0 + -3 + 6).
-1
0 - 1 - (-7 + 10) - -12
8
Calculate 0 + 1 + (44 - 38) + 3.
10
3 + 1 - (1 - -1)
2
What is -42 + 40 + (0 - (-2 - -1))?
-1
What is (-4 - (0 + 0)) + (5 - -3)?
4
(-5 - 5) + 2 - -8
0
What is (-7 + 3 - -9) + 0 + -4?
1
What is 1 + -1 + 0 - (2 - 1)?
-1
-1 + (2 - 0) + (6 - 4)
3
What is 0 - (5 + -3) - -1?
-1
What is the value of 6 + -7 + 11 + -5?
5
6 + (2 - (0 + 4))
4
What is the value of 1 - (0 + 3 + -2 + 2)?
-2
What is (-1 - (-3 + 0)) + (27 - 29)?
0
What is (-7 - -3) + (-10 - -10)?
-4
What is 5 + -9 + 4 + 0 + 0?
0
What is the value of 1 - (2 + 0 + 11 + -16)?
4
What is the value of (5 + -5 - 0) + -5?
-5
What is the value of -3 - (1 + -5) - (17 + -16)?
0
What is 0 + 0 - -2 - 2?
0
Evaluate -11 + (-3 - -13) + -3.
-4
(6 - (6 - 3)) + -5 + 7
5
What is (-8 - -8 - 3) + 3 + -4?
-4
-11 + (-6 - (-8 + -5))
-4
Evaluate (-14 - -22) + -10 + (0 - -2).
0
What is the value of 2 + 0 + 2 + 1 + -3?
2
Calculate (1 - (-1 - -1)) + -2.
-1
Evaluate -16 + 11 + 9 + 1.
5
Evaluate 0 + -9 - (29 - 32).
-6
Calculate 10 + -8 + (-5 - 1).
-4
Evaluate -3 + 2 - (6 + -5).
-2
Calculate 0 + 6 + -2 + -1.
3
Evaluate (-4 - -7) + -13 + -6 + 10.
-6
What is -6 - -9 - (-1 - -2)?
2
What is -5 + (-3 - -5) + 1?
-2
-9 + -2 + 14 + -6
-3
What is -15 - (1 + -3) - -7?
-6
What is the value of 7 - (1 + -3 - (-4 - 1))?
4
1 + 5 + (32 - 35)
3
Calculate (-3 + 1 - -2) + -2 + 6.
4
Evaluate (3 - -1) + (-8 - -5).
1
What is the value of 14 + -12 + -6 + 1?
-3
Evaluate -3 + 7 + (2 - 6 - 0).
0
Evaluate 1 - 7 - (10 - (9 - -11)).
4
What is the value of -5 - (-6 + 3 + 0)?
-2
What is (-1 - 0) + (16 - 9) + -8?
-2
What is (-6 - 7 - -6) + 4 - -4?
1
3 - ((-9 - 0) + 3 - -1)
8
-6 + -7 - (-39 - -17)
9
Evaluate (1 - 1) + -3 + 3.
0
-2 + (-8 - 0) - (-3 + -4)
-3
Evaluate -7 - (-8 - (6 + -9)) - 0.
-2
5 + -7 + 0 - -3
1
What is (41 - 42) + -6 + 0?
-7
Calculate -1 + 3 + -15 + 11.
-2
Evaluate -2 + 3 + (-4 - 2).
-5
Evaluate (5 - 5) + 7 + -5 + 1.
3
What is 10 + -14 + 0 + -1?
-5
Evaluate 0 + -6 - (-26 + 23) - 2.
-5
What is 6 + (2 - (2 + 1))?
5
What is 0 + 7 + (5 - -4) + -6?
10
Evaluate (2 - 1) + (-2 - 4) - -4.
-1
Calculate (0 + 4 - 6) + -2.
-4
-3 - (2 + -3 + -2)
0
Evaluate 16 + 1 + -9 - 11 - -5.
2
What is (6 - (0 + 2)) + -4 + 0?
0
Evaluate -4 + 0 + (-4 - (1 + -4)).
-5
What is the value of -132 - -129 - (4 - (-1 - 0))?
-8
What is 4 - (1 + 2 + (-7 - -4))?
4
What is 5 + -7 + -6 + 7?
-1
What is the value of -10 - (2 + 2 - 10)?
-4
(-1 - -2) + (-4 - -1 - -3)
1
Evaluate 22 - 15 - (6 + -3 - 1).
5
What is the value of -3 + (-4 - (-9 + 8)) + 2?
-4
-2 + 0 + -1 + (3 - 0)
0
What is 0 - 6 - (21 - 26)?
-1
What is the value of 6 + -3 + (0 - -1) + 0?
4
What is the value of -2 + 6 + -10 - -1?
-5
Evaluate 1 - (-1 + 1 - (-13 + 7)).
-5
-5 - (2 + (-1 - 4) - 0)
-2
What is the value of -16 + (7 + 12 - 11)?
-8
-10 + 2 + (-9 - 5 - -12)
-10
What is the value of (6 - 1) + -1 + 